n 447095 is divided by 17.
12
Calculate the remainder when 3576 is divided by 1788.
0
Calculate the remainder when 120651 is divided by 43.
36
What is the remainder when 253564 is divided by 55?
14
What is the remainder when 119673 is divided by 525?
498
Calculate the remainder when 34236 is divided by 163.
6
Calculate the remainder when 220975 is divided by 44182.
65
What is the remainder when 1500 is divided by 706?
88
Calculate the remainder when 8247 is divided by 1176.
15
What is the remainder when 5294 is divided by 749?
51
Calculate the remainder when 173647 is divided by 30.
7
Calculate the remainder when 5680 is divided by 769.
297
Calculate the remainder when 8428 is divided by 99.
13
Calculate the remainder when 643845 is divided by 58531.
4
Calculate the remainder when 10669 is divided by 1333.
5
What is the remainder when 324999 is divided by 235?
229
Calculate the remainder when 2648 is divided by 554.
432
Calculate the remainder when 13618 is divided by 426.
412
What is the remainder when 8344 is divided by 4131?
82
What is the remainder when 5521 is divided by 15?
1
What is the remainder when 7490 is divided by 241?
19
Calculate the remainder when 12739 is divided by 83.
40
Calculate the remainder when 1494 is divided by 713.
68
Calculate the remainder when 2060264 is divided by 15.
14
What is the remainder when 143180 is divided by 135?
80
Calculate the remainder when 699 is divided by 257.
185
Calculate the remainder when 31979 is divided by 126.
101
Calculate the remainder when 32330 is divided by 13.
12
What is the remainder when 5380 is divided by 154?
144
What is the remainder when 224373 is divided by 57?
21
Calculate the remainder when 185008 is divided by 11.
10
Calculate the remainder when 9153 is divided by 4562.
29
What is the remainder when 2143 is divided by 171?
91
Calculate the remainder when 47523 is divided by 548.
395
What is the remainder when 95301 is divided by 31727?
120
Calculate the remainder when 337543 is divided by 9.
7
Calculate the remainder when 74509 is divided by 1774.
1
Calculate the remainder when 133173 is divided by 133172.
1
Calculate the remainder when 2704 is divided by 229.
185
What is the remainder when 330881 is divided by 95?
91
What is the remainder when 74103 is divided by 50?
3
Calculate the remainder when 172569 is divided by 5752.
9
What is the remainder when 50958 is divided by 490?
488
Calculate the remainder when 5298 is divided by 381.
345
Calculate the remainder when 560788 is divided by 45.
43
Calculate the remainder when 188610 is divided by 171.
168
What is the remainder when 68167 is divided by 17039?
11
What is the remainder when 19575 is divided by 596?
503
What is the remainder when 147108 is divided by 47?
45
What is the remainder when 70679 is divided by 5046?
35
Calculate the remainder when 1465 is divided by 304.
249
What is the remainder when 34569 is divided by 10?
9
What is the remainder when 8763 is divided by 1737?
78
What is the remainder when 12838 is divided by 2565?
13
Calculate the remainder when 2491 is divided by 2461.
30
What is the remainder when 1475080 is divided by 414?
412
Calculate the remainder when 2574 is divided by 957.
660
Calculate the remainder when 2229 is divided by 334.
225
What is the remainder when 1800286 is divided by 1504?
1502
What is the remainder when 1847 is divided by 13?
1
Calculate the remainder when 7108 is divided by 2359.
31
Calculate the remainder when 332172 is divided by 166085.
2
What is the remainder when 1597 is divided by 608?
381
Calculate the remainder when 140368 is divided by 13.
7
Calculate the remainder when 2493303 is divided by 18.
15
What is the remainder when 169847 is divided by 33?
29
What is the remainder when 88 is divided by 47?
41
Calculate the remainder when 2422 is divided by 984.
454
Calculate the remainder when 18580 is divided by 18572.
8
Calculate the remainder when 397385 is divided by 132451.
32
Calculate the remainder when 57210 is divided by 351.
348
What is the remainder when 2265 is divided by 293?
214
Calculate the remainder when 14041 is divided by 222.
55
Calculate the remainder when 686632 is divided by 16.
8
Calculate the remainder when 3004 is divided by 63.
43
Calculate the remainder when 23820 is divided by 3965.
30
What is the remainder when 4670 is divided by 1493?
191
Calculate the remainder when 40967 is divided by 40952.
15
What is the remainder when 404503 is divided by 134825?
28
Calculate the remainder when 56887 is divided by 5170.
17
What is the remainder when 761217 is divided by 152243?
2
What is the remainder when 4183 is divided by 91?
88
What is the remainder when 112377 is divided by 63?
48
Calculate the remainder when 3506 is divided by 1656.
194
What is the remainder when 366572 is divided by 1842?
14
What is the remainder when 234386 is divided by 23?
16
What is the remainder when 13745 is divided by 29?
28
What is the remainder when 557251 is divided by 383?
369
Calculate the remainder when 9411 is divided by 4701.
9
What is the remainder when 13716 is divided by 4255?
951
What is the remainder when 784097 is divided by 139?
137
What is the remainder when 6468 is divided by 6416?
52
What is the remainder when 12445 is divided by 50?
45
What is the remainder when 12794 is divided by 75?
44
Calculate the remainder when 11639 is divided by 8.
7
Calculate the remainder when 34468 is divided by 174.
16
Calculate the remainder when 4652 is divided by 12.
8
Calculate the remainder when 7740 is divided by 2768.
2204
Calculate the remainder when 5241 is divided by 1435.
936
Calculate the remainder when 10423 is divided by 117.
10
Calculate the remainder when 149741 is divided by 9.
8
Calculate the remainder when 2239 is divided by 148.
19
What is the remainder when 479788 is divided by 42?
22
Calculate the remainder when 4556 is divided by 27.
20
Calculate the remainder when 12338 is divided by 360.
98
What is the remainder when 16504 is divided by 42?
40
What is the remainder when 13371 is divided by 6667?
37
Calculate the remainder when 23178 is divided by 1776.
90
Calculate the remainder when 18856 is divided by 1715.
1706
What is the remainder when 82923 is divided by 4?
3
What is the remainder when 844 is divided by 267?
43
What is the remainder when 152713 is divided by 3249?
10
Calculate the remainder when 431999 is divided by 33.
29
What is the remainder when 6011 is divided by 2931?
149
What is the remainder when 34852 is divided by 1343?
1277
Calculate the remainder when 51386 is divided by 325.
36
What is the remainder when 3813 is divided by 5?
3
What is the remainder when 1861 is divided by 32?
5
Calculate the remainder when 20576 is divided by 3422.
44
Calculate the remainder when 10695 is divided by 289.
2
What is the remainder when 177853 is divided by 16?
13
What is the remainder when 9481 is divided by 2369?
5
Calculate the remainder when 171580 is divided by 31.
26
What is the remainder when 980 is divided by 20?
0
What is the remainder when 3665 is divided by 239?
80
Calculate the remainder when 1384083 is divided by 1474.
1471
What is the remainder when 17358 is divided by 5425?
1083
Calculate the remainder when 489 is divided by 165.
159
What is the remainder when 82534 is divided by 529?
10
What is the remainder when 8863 is divided by 15?
13
What is the remainder when 1095 is divided by 32?
7
What is the remainder when 4876 is divided by 415?
311
Calculate the remainder when 6001 is divided by 315.
16
What is the remainder when 120415 is divided by 71?
70
Calculate the remainder when 29543 is divided by 12.
11
Calculate the remainder when 1704 is divided by 36.
12
What is the remainder when 97424 is divided by 3608?
8
Calculate the remainder when 148817 is divided by 3.
2
Calculate the remainder when 36111 is divided by 80.
31
What is the remainder when 2009348 is divided by 29?
25
Calculate the remainder when 2524 is divided by 11.
5
What is the remainder when 32392 is divided by 32379?
13
Calculate the remainder when 678706 is divided by 303.
289
Calculate the remainder when 82522 is divided by 52.
50
What is the remainder when 22904 is divided by 46?
42
Calculate the remainder when 1952 is divided by 931.
90
Calculate the remainder when